st the prime factors of s.
157
Suppose -4*j = 0, 16 = 2*i + 5*j - 8. Suppose 0 = i*b - 21*b + 7434. What are the prime factors of b?
2, 7, 59
Suppose 5*u - 501 - 2752 = -2*o, 3*u = -4*o + 6485. Let g = o - 1139. List the prime factors of g.
2, 3, 5
Let h = 806 + -428. Suppose 5*v = 4*f - 2013, h + 135 = f + 2*v. What are the prime factors of f?
3, 13
Let p(u) be the third derivative of u**6/120 - 3*u**5/5 - 5*u**4/6 + 68*u**3/3 + 36*u**2 + 3. List the prime factors of p(37).
3, 5, 17
Let m(g) be the second derivative of -g**4/12 - g**3/3 + g**2/2 + 26*g. Let o be m(-4). What are the prime factors of (-42)/(-21)*o/(-2)?
7
Suppose 3*q - 5*f = 839, 2*f + f + 831 = 3*q. Suppose 0 = -3*h + 3*k - k + 545, 4*h + 5*k = 719. Let r = q - h. What are the prime factors of r?
2, 23
Let m be ((-2224)/6 - 2/(-3)) + -1. Let u = -1363 - m. What are the prime factors of ((-2)/3)/(3 - u/(-330))?
2, 5, 11
Let n be (-18)/12*40/(-12). Suppose 5*z - 2315 = 4*w, -n*z + w + 2*w = -2320. What are the prime factors of z?
467
Let g = -4073 - -6359. List the prime factors of g.
2, 3, 127
Let g = -151 + 157. Suppose -3*p - g*j + 3317 = -5*j, -4*j = 5*p - 5519. List the prime factors of p.
3, 41
Let c = 522 - 515. Suppose 9*j - 2140 = -3*v + c*j, 0 = 3*v - j - 2152. What are the prime factors of v?
2, 179
Let a = 3 - 13. Let g be ((-27)/18)/(3/a). Suppose -5*j + 200 + 170 = -5*o, 5*j - 320 = -g*o. What are the prime factors of j?
3, 23
Suppose t = 0, -2*t - 2*t = 2*o - 2016. Suppose 449 = c - o. List the prime factors of c.
31, 47
Let g = -6214 - -13137. What are the prime factors of g?
7, 23, 43
Let u(p) = p**3 - 10*p**2 + 6*p + 15. Let c be ((-22)/(-4) + 0/20)*2. What are the prime factors of u(c)?
2, 101
Suppose 2*l - 11056 = -3*s, s - l = 2*s - 3687. Suppose 3*h - 5*f = s, -13*f = 2*h - 14*f - 2464. List the prime factors of h.
2, 617
Let r(x) = -3*x**3 - 17*x**2 - 74*x - 51. List the prime factors of r(-11).
2699
Let a = -26357 - -66508. List the prime factors of a.
40151
Let x(j) = 13*j**2 + 8*j - 15. Let n(a) = 12*a**2 + 8*a - 14. Let g(h) = 6*n(h) - 5*x(h). Let k be g(1). List the prime factors of -16*3/1*(-20)/k.
2, 5
Let d(m) = 5*m - 1. Let o be d(1). Suppose 0*s - c = -4*s + 47, 0 = -o*s + 3*c + 45. Let r = s + 77. What are the prime factors of r?
89
What are the prime factors of 2017177/60 + 1/4 - 794/(-5955)?
2, 5, 41
Let d = -34 + 34. Let f be d/(0 + 4)*-1. Suppose 2*q + x - 179 = f, -x = -2*q + 112 + 57. List the prime factors of q.
3, 29
Suppose -29 = 5*f - 54. Let k be 16*(2 - (-17 - -3)). Suppose 480 = 5*l + w, 5*l = -f*w + 736 - k. List the prime factors of l.
2, 3
Let k = -4685 + 8626. Suppose -45*w + k = -38*w. List the prime factors of w.
563
Let t(y) = -y**3 - 8*y**2 - 3*y + 31. Let a = -285 - -273. List the prime factors of t(a).
643
Let j = -40880 + 76388. List the prime factors of j.
2, 3, 11, 269
Suppose -3*g - 20*a + 7734 = -23*a, a = -3*g + 7754. What are the prime factors of g?
3, 7, 41
Let g be (-8)/3 - (-14)/(-42). Let p(d) = d**2 + 3*d + 3. Let v be p(g). Suppose 22 = -v*k + 364. What are the prime factors of k?
2, 3, 19
Suppose 5*i - 4*z - 4246 = 0, -5*i - 3*z = -6*z - 4247. Let q = -102 + i. List the prime factors of q.
2, 11, 17
List the prime factors of (-2 - -1) + (4/30 - (-35358781)/1005).
2, 7, 359
Let u(r) = r - 1 - 39*r**3 + 441*r**2 - 441*r**2. Let n be u(-2). Let x = n + -66. List the prime factors of x.
3
Let i(f) = f**3 + 25*f**2 - 16*f - 7. Let p = 83 + -108. What are the prime factors of i(p)?
3, 131
Let f(r) = -r - 12. Let c be f(-12). Suppose b + 17 - 8 = c. List the prime factors of (-1 - (-489)/12)*(-24)/b.
2, 53
Let s = 211 - 472. Let l = s + 446. Suppose -2*o = 3*n - 66 + 1, 0 = 4*o - 5*n - l. List the prime factors of o.
2, 5
Let s(i) = 23*i**2 - 6*i - 10. Let v be 4/(-14) + (-308)/(-49). What are the prime factors of s(v)?
2, 17, 23
Suppose 8*u + 47*u - 193256 = -13*u. List the prime factors of u.
2, 7, 29
Let c(q) = -q**3 - 19*q**2 - 24*q + 12. Let p be c(-8). Let f = -4 - p. What are the prime factors of f?
2, 31
Let i(u) = -2*u**2 - 29*u - 33. Let q(b) = -b**2 - 14*b - 16. Let l(w) = 2*i(w) - 5*q(w). Let c be l(-11). List the prime factors of 67*c/(-6)*-2.
67
Suppose n = 3*n. Suppose -272 = -406*a + 414*a - 1472. Suppose j - a = -2*r, -3*j = -n*j - 5*r - 417. List the prime factors of j.
2, 3
Let b(q) = q. Let i(j) = 5*j + 21. Let p(s) = -3*b(s) + i(s). Let y be p(-11). Let t(n) = -84*n + 3. What are the prime factors of t(y)?
3, 29
What are the prime factors of 3 + (-725)/(-870) + 163478/12?
13627
Let a(h) = -399*h - 475. List the prime factors of a(-16).
19, 311
Let b = -10972 - -24648. List the prime factors of b.
2, 13, 263
Let o = 1701 - -1191. Suppose 2*t + 4*n - o = 0, 98*n - 103*n - 2865 = -2*t. List the prime factors of t.
2, 3, 5
Let n be -286 + -3 + 0/(-4) + 4. Let q = n + 195. Let s = q - -152. What are the prime factors of s?
2, 31
Let m be (4/24)/(3/477)*2. Let w = -50 + m. Suppose w*d - 176 = -3*t + 1, -5*d + 330 = -2*t. List the prime factors of d.
2
Let k(o) = o**2 - o + 397. Let v be k(0). What are the prime factors of v/4 - 27/(-36)?
2, 5
Suppose 97*t - 4560 = 94*t. Suppose -t = -2*f + 2*g + 266, -5*g = 10. What are the prime factors of f?
3, 11
Suppose 3*y = 3*f - 138, -y - 2*f = -5*f + 56. Let m = y - -116. Suppose 0 = 5*z - 3*l - m, 4*z + 0*z + 4*l = 92. List the prime factors of z.
2, 3
Let h(t) = t**2 - 2*t**2 - t - 5*t + 4 + 15. Let j be h(-8). List the prime factors of 260/2 + j + -6.
127
Suppose 0 = 62*j - 2237 - 1855. Let p = 2 + -2. Let a = j - p. List the prime factors of a.
2, 3, 11
Let u = -289 - -390. Suppose u*r - 95*r = 8124. List the prime factors of r.
2, 677
Suppose 4 = 7*n - 24. Suppose -1595 = -n*j - 5*o + 797, -5*o = -j + 623. What are the prime factors of j?
3, 67
Suppose 0 = -8*w + 3*w + 2*j + 16, -5*j = w + 13. Suppose 4*m - 84 = 4*x, 5*x - w*m + 68 = -52. List the prime factors of (-5 - x) + -4 - 2.
3, 5
Let u(g) = -g**2 - 14*g + 22. Suppose 46 - 26 = -2*h. Let s be u(h). Suppose 7*b - 6*b = s. List the prime factors of b.
2, 31
Let v(x) = -6*x**2 + 9*x - 4. Let m be v(-4). Let s = m - -180. What are the prime factors of s?
2, 11
What are the prime factors of 130/(((-33)/11 - -4)/(5/2))?
5, 13
Let x be (5/(-2) - -2)/(5/60). Let n be 4*2*2/(-24)*x. List the prime factors of -4*134/(-32) + 1/n.
17
Suppose j - 14 = 2*d - 42, -3*d = 3*j - 33. Let b(z) = d - 2*z - 1 + 6*z**2 - 8 + 2*z**2. List the prime factors of b(-2).
2, 5
Let z(c) = -6 + 0 + 0 + 3 + 75*c. Let u be z(5). Suppose 0 = -3*p + p + u. What are the prime factors of p?
2, 3, 31
What are the prime factors of ((-6)/12*-38964)/((-4)/(-6))?
3, 17, 191
Let t be (-3)/15 + 164/20. Let z be 4/t*5*2. Suppose 3*h = -z*p + 153, 10 = -5*p - 5. List the prime factors of h.
2, 7
Let i(m) = -468*m**3 + 9*m**2 - 107*m - 518. List the prime factors of i(-4).
2, 3, 1667
Let u(o) = -7*o + 51. Let b be u(7). Suppose i - 44 = -4*f + 2*i, b*f - 4*i = 36. Let h(g) = g**2 + 3*g - 2. What are the prime factors of h(f)?
2
Let z = -203 - -292. Let s = z + 1. What are the prime factors of s?
2, 3, 5
Let t(u) = 5*u**3 - 12*u**2 + 2*u + 34. Let o(p) = p**3 + p. Let i(v) = -4*o(v) + t(v). List the prime factors of i(14).
2, 199
Suppose -4*w - 21 = -5*j + 4*j, 2*w = 2*j - 24. List the prime factors of 2409/11*(1 - (-21)/j).
2, 5, 73
Let t(x) = 5*x**2 + 3*x - 347. Let v(k) = -12*k**2 - 4*k + 694. Let w(a) = -5*t(a) - 2*v(a). List the prime factors of w(0).
347
Suppose 128 = 19*p - 3691. Let o = p - 85. What are the prime factors of o?
2, 29
Let n be (-3)/(-66)*4 + 159/33. Suppose 3*p = -5*d + 4*d + 2332, -n*d = 2*p - 1572. List the prime factors of p.
2, 97
Let j = -330 - -120. What are the prime factors of 2/(-5) + (-51324)/j?
2, 61
Let a(l) = 3*l - 24. Let z be a(9). Let b(j) = 61 - 32 + z*j - 4*j. List the prime factors of b(10).
19
Let t = 874 + 1493. List the prime factors of t.
3, 263
Let w(r) = -3*r - 5. Let t be w(3). Let f = -18 - t. List the prime factors of -28*(f/8)/1.
2, 7
Let m(a) be the second derivative of a**4/12 - 10*a. Let x be m(0). Suppose -16*r + 14*r + 64 = x. List the prime factors of r.
2
Let f(u) = -5*u - 23. Let d be f(-5). Suppose -3*y = d*b - 1781, y - 2*b - 839 = -256. What are the prime factors of y?
3, 197
Let